{"id":28,"date":"2020-05-25T14:57:31","date_gmt":"2020-05-25T12:57:31","guid":{"rendered":"http:\/\/economie.vallee-des-baux-alpilles.fr\/index.php\/blog\/"},"modified":"2021-02-04T12:03:18","modified_gmt":"2021-02-04T11:03:18","slug":"prets-et-avances-remboursables-covid-19","status":"publish","type":"page","link":"https:\/\/economie.vallee-des-baux-alpilles.fr\/index.php\/aides-directes-covid-19\/prets-et-avances-remboursables-covid-19\/","title":{"rendered":"PR\u00caTS OU AVANCES REMBOURSABLES"},"content":{"rendered":"<h4><span style=\"color: #ff0000;\"><strong>PR\u00caT DE TR\u00c9SORERIE GARANTI PAR L\u2019\u00c9TAT<\/strong><\/span><\/h4>\n<ul>\n<li>B\u00c9N\u00c9FICIAIRES : Toute entreprise<\/li>\n<li>OBJET :\n<ul>\n<li>les entreprises peuvent contracter un pr\u00eat jusqu\u2019au 30 juin 2021, dont l\u2019amortissement pourra \u00eatre \u00e9tal\u00e9 entre 1 et 5 ann\u00e9es suppl\u00e9mentaires, avec un taux n\u00e9goci\u00e9 avec les banques fran\u00e7aises compris entre 1 et 2,5 %, garantie de l\u2019\u00c9tat comprise.<\/li>\n<li>toutes les entreprises qui le souhaitent pourront demander un nouveau diff\u00e9r\u00e9 de remboursement d\u2019un an, soit deux ann\u00e9es au total de diff\u00e9r\u00e9.<\/li>\n<li>il a \u00e9t\u00e9 vu avec la Banque de France pour que les demandes de diff\u00e9r\u00e9s suppl\u00e9mentaires ne soient pas consid\u00e9r\u00e9es comme un d\u00e9faut de paiement des entreprises.<\/li>\n<\/ul>\n<\/li>\n<li>ORGANISME : \u00c9tat<\/li>\n<li>CONTACT :\n<ul>\n<li><a href=\"https:\/\/www.economie.gouv.fr\/files\/files\/PDF\/2020\/dp-covid-pret-garanti.pdf\">https:\/\/www.economie.gouv.fr\/<\/a><\/li>\n<li>consultez la <a href=\"https:\/\/www.economie.gouv.fr\/files\/files\/PDF\/2020\/faq_pret_garanti_plateformesIFP.pdf\"><strong>FAQ plateformes PGE<\/strong>&nbsp;<\/a><\/li>\n<\/ul>\n<\/li>\n<\/ul>\n<hr>\n<h4><span style=\"color: #ff0000;\"><strong>PR\u00caT DIRECT OU AVANCE REMBOURSABLE DE L\u2019\u00c9TAT<\/strong><\/span><\/h4>\n<ul>\n<li>B\u00c9N\u00c9FICIAIRES : Toute entreprise ne trouvant pas de solution de financement<\/li>\n<li>OBJET :\n<ul>\n<li>un pr\u00eat de l&rsquo;\u00c9tat jusqu&rsquo;\u00e0 10 000 \u20ac pour les entreprises de moins de 10 salari\u00e9s<\/li>\n<li>un pr\u00eat de l\u2019\u00c9tat jusqu&rsquo;\u00e0 50 000 \u20ac pour les entreprises de 10 \u00e0 49 salari\u00e9s<\/li>\n<li>pour les entreprises de plus de 50 salari\u00e9s, l&rsquo;\u00c9tat pourra accorder des avances remboursables plafonn\u00e9es \u00e0 3 mois de chiffre d&rsquo;affaires.<\/li>\n<li>ORGANISME : \u00c9tat<\/li>\n<\/ul>\n<\/li>\n<li>CONTACT :<\/li>\n<\/ul>\n<hr>\n<h4><strong><span style=\"color: #ff0000;\">FONDS ESS\u2019OR POUR L\u2019\u00c9CONOMIE SOCIALE ET SOLIDAIRE<\/span><br><\/strong><\/h4>\n<ul>\n<li>B\u00c9N\u00c9FICIAIRES : Entreprises de l\u2019\u00c9conomie Sociale et Solidaire<\/li>\n<li>OBJET : Pr\u00eats \u00e0 taux 0, sur 12 \u00e0 18 mois et dont le montant peut aller de 10.000\u20ac \u00e0 100.000\u20ac<\/li>\n<li>ORGANISME : France Active<\/li>\n<li>CONTACT :\n<ul>\n<li><a href=\"mailto:accueil@franceactive-paca.org\">accueil@franceactive-paca.org<\/a> ou 0491598570<\/li>\n<li><a href=\"http:\/\/www.esia.org\/\" target=\"_blank\" rel=\"noreferrer noopener\">http:\/\/www.esia.org\/<\/a><\/li>\n<\/ul>\n<\/li>\n<\/ul>\n<hr>\n<h4><span style=\"color: #ff0000;\"><strong>PR\u00caT ATOUT<\/strong><\/span><\/h4>\n<ul>\n<li>B\u00c9N\u00c9FICIAIRES : TPE, PME et ETI Tous secteurs d\u2019activit\u00e9, sauf&nbsp; SCI, les entreprises d\u2019interm\u00e9diation financi\u00e8re, les entreprises de promotion et de locations immobili\u00e8res, les entreprises agricoles ayant un CA inf\u00e9rieur \u00e0 750.000 \u20ac, et les entreprises en difficult\u00e9.<\/li>\n<li>OBJET : Pr\u00eat con\u00e7u pour financer un besoin de tr\u00e9sorerie ponctuel, une augmentation exceptionnelle du BFR, li\u00e9 \u00e0 la conjoncture<\/li>\n<li>ORGANISME : \u00c9tat\/BPI<\/li>\n<li>CONTACT : <a href=\"https:\/\/www.bpifrance.fr\/Toutes-nos-solutions\/Prets\/Prets-sans-garantie\/Pret-Atout\"><\/a>\n<ul>\n<li><a href=\"https:\/\/www.bpifrance.fr\/Toutes-nos-solutions\/Prets\/Prets-sans-garantie\/Pret-Atout\">https:\/\/www.bpifrance.fr\/<\/a><\/li>\n<\/ul>\n<\/li>\n<\/ul>\n<hr>\n<h4><span style=\"color: #ff0000;\"><strong>PR\u00caT REBOND<\/strong><\/span><\/h4>\n<ul>\n<li>B\u00c9N\u00c9FICIAIRES : Toutes les entreprises de plus d\u2019un an d\u2019existence, tout secteur d\u2019activit\u00e9 (sauf secteur agricole)<\/li>\n<li>OBJET : La R\u00e9gion abonde le pr\u00eat rebond \u00e0 taux 0 propos\u00e9 par la BPI de 10.000 \u20ac \u00e0 300.000 \u20ac pour toutes les entreprises de plus d\u2019un an d\u2019existence<\/li>\n<li>ORGANISME : BPI\/R\u00e9gion<\/li>\n<li>CONTACT :\n<ul>\n<li><a rel=\"noreferrer noopener\" href=\"https:\/\/www.bpifrance.fr\/Toutes-nos-solutions\/Prets\/Prets-regionaux\/Pret-Rebond\" target=\"_blank\">https:\/\/www.bpifrance.fr<\/a><\/li>\n<\/ul>\n<\/li>\n<\/ul>\n<hr>\n<h4><span style=\"color: #ff0000;\"><strong>FONDS COVID RESISTANCE<\/strong><\/span><\/h4>\n<ul>\n<li>B\u00c9N\u00c9FICIAIRES : TTPE (moins de 20 salari\u00e9s)<\/li>\n<li>OBJET : Pr\u00eats d\u2019honneur \u00e0 taux 0 de 10.000\u20ac maximum<\/li>\n<li>ORGANISME : IPA\/R\u00e9gion\/CCVBA<\/li>\n<li>CONTACT :\n<ul>\n<li>Plateforme d\u00e9di\u00e9e : <a rel=\"noreferrer noopener\" href=\"https:\/\/ttpe.initiative-sud.com\/\" target=\"_blank\">https:\/\/ttpe.initiative-sud.com<\/a><\/li>\n<li>Initiative Pays d\u2019Arles : <a href=\"mailto:accueil@initiative-paysdarles.com\">accueil@initiative-paysdarles.com<\/a> ou 0484490201<\/li>\n<\/ul>\n<\/li>\n<\/ul>\n<hr>\n<h4><span style=\"color: #ff0000;\"><strong>FONDS D\u2019URGENCE D\u2019AVANCE DE TR\u00c9SORERIE POUR L\u2019AGRICULTURE<\/strong><\/span><\/h4>\n<ul>\n<li>B\u00c9N\u00c9FICIAIRES : Exploitants agricoles dont le si\u00e8ge est en r\u00e9gion Provence-Alpes-C\u00f4te d\u2019Azur, qui sur la p\u00e9riode de mars, avril et mai 2020 ont perdu au moins 50% de leur chiffre d\u2019affaires, comparativement \u00e0 la m\u00eame p\u00e9riode de 2019<\/li>\n<li>OBJET : Pr\u00eat \u00e0 taux 0, sans garantie personnelle, pour une dur\u00e9e pouvant aller jusqu\u2019\u00e0 5 ans. Avec un diff\u00e9r\u00e9 de remboursement de 12 mois maximum<\/li>\n<li>ORGANISME : IPA\/R\u00e9gion<\/li>\n<li>CONTACT :\n<ul>\n<li>Plateforme d\u00e9di\u00e9e : <a href=\"https:\/\/fuata.initiative-sud.com\/\">https:\/\/fuata.initiative-sud.com\/<\/a><\/li>\n<li>Initiative Pays d\u2019Arles : <a href=\"mailto:accueil@initiative-paysdarles.com\">accueil@initiative-paysdarles.com<\/a> ou 0484490201<\/li>\n<\/ul>\n<\/li>\n<\/ul>\n<hr>\n<h4><span><strong><span style=\"color: #ff0000;\">FONDS DE DEVELOPPEMENT ECONOMIQUE ET SOCIAL<\/span> <\/strong><\/span><\/h4>\n<ul>\n<li>B\u00c9N\u00c9FICIAIRES : Toute entreprise de plus de 250 salari\u00e9s<\/li>\n<li>OBJET : dispositif d\u2019intervention dot\u00e9 de 1 milliard d&rsquo;euros qui a vocation \u00e0 accompagner les restructurations financi\u00e8res et op\u00e9rationnelles d\u2019entreprises en difficult\u00e9 aux c\u00f4t\u00e9s de financeurs priv\u00e9s<\/li>\n<li>ORGANISME : CODEFI<\/li>\n<li>CONTACT :\n<ul>\n<li>CODEFI Marseille<\/li>\n<li>T\u00e9l\u00e9phone : 04 91 17 91 17<\/li>\n<\/ul>\n<\/li>\n<\/ul>\n<hr>\n<h4><span><strong><span style=\"color: #ff0000;\">PR\u00caTS BONIFIES ET AVANCES REMBOURSABLES<\/span> <\/strong><\/span><\/h4>\n<ul>\n<li>B\u00c9N\u00c9FICIAIRES : Toute entreprise de plus de 50 \u00e0 250 salari\u00e9s<\/li>\n<li>OBJET : Les <a href=\"https:\/\/www.economie.gouv.fr\/files\/files\/PDF\/2020\/Fiche-Prets-taux-bonifie.pdf\">pr\u00eats bonifi\u00e9s<\/a> et les <a href=\"https:\/\/www.economie.gouv.fr\/files\/files\/PDF\/2020\/Fiche-Avances-remboursables.pdf\">avances remboursables<\/a> sont un nouveau dispositif discr\u00e9tionnaire d\u2019intervention. Il a vocation \u00e0 \u00eatre utilis\u00e9 lorsque le recours au PGE est impossible et que les plans d\u2019apurement du passif fiscal et social sont insuffisants pour permettre le retournement. L\u2019\u00e9ligibilit\u00e9 au dispositif est soumise \u00e0 certaines conditions.<\/li>\n<li>ORGANISME : CODEFI<\/li>\n<li>CONTACT :\n<ul>\n<li>CODEFI Marseille<\/li>\n<li>T\u00e9l\u00e9phone : 04 91 17 91 17<\/li>\n<\/ul>\n<\/li>\n<\/ul>\n<hr>\n<h4><span><strong><span style=\"color: #ff0000;\">PR\u00caTS PARTICIPATIFS<\/span> <\/strong><\/span><\/h4>\n<ul>\n<li>B\u00c9N\u00c9FICIAIRES : PME et TTPE de moins de 50 salari\u00e9s ayant des difficult\u00e9s \u00e0 obtenir un PGE<\/li>\n<li>OBJET : ce dispositif permet \u00e0 la fois de reconstituer un volant de tr\u00e9sorerie et am\u00e9liorer la structure de bilan (pr\u00eats \u00ab junior \u00bb, \u00e0 rembourser en 7 ans).<\/li>\n<li>ORGANISME : CODEFI<\/li>\n<li>CONTACT :\n<ul>\n<li>CODEFI Marseille<\/li>\n<li>T\u00e9l\u00e9phone : 04 91 17 91 17<\/li>\n<\/ul>\n<\/li>\n<\/ul>\n<hr>\n<h4><span><strong><span style=\"color: #ff0000;\">RENFORCEMENT DES FINANCEMENTS PAR AFFACTURAGE<\/span> <br><\/strong><\/span><\/h4>\n<ul>\n<li>B\u00c9N\u00c9FICIAIRES : Entreprises qui sont d\u00e9j\u00e0 ou entrent en relation avec des soci\u00e9t\u00e9s d\u2019affacturage<\/li>\n<li>OBJET : Le dispositif de renforcement des financements par affacturage permet aux entreprises de b\u00e9n\u00e9ficier d\u2019un pr\u00e9financement nouveau qui pourra \u00eatre mis en place d\u00e8s la prise de commande, rendu possible par la garantie de l\u2019\u00c9tat. Elles n\u2019auront pas besoin d\u2019attendre l\u2019\u00e9mission des factures comme cela se pratique normalement. Cela leur fera gagner en moyenne 45 jours de tr\u00e9sorerie. <\/li>\n<li>ORGANISME : Soci\u00e9t\u00e9s d&rsquo;affacturage<\/li>\n<li>CONTACT :<\/li>\n<\/ul>\n<hr>\n\n\n<div class=\"is-layout-flex wp-block-buttons\">\n<div class=\"wp-block-button is-style-outline\"><a class=\"wp-block-button__link\" href=\"http:\/\/economie.vallee-des-baux-alpilles.fr\/index.php\/accompagner\/\"><strong>Aides directes<\/strong><\/a><\/div>\n\n\n\n<div class=\"wp-block-button is-style-outline\"><a class=\"wp-block-button__link\" href=\"http:\/\/economie.vallee-des-baux-alpilles.fr\/index.php\/aides-directes-covid-19\/aides-planderelance\/\" target=\"_blank\" rel=\"noreferrer noopener\"><strong>Aides plan de relance<\/strong><\/a><\/div>\n\n\n\n<div class=\"wp-block-button is-style-outline\"><a class=\"wp-block-button__link\" href=\"http:\/\/economie.vallee-des-baux-alpilles.fr\/index.php\/accompagnement-et-soutien\/\"><strong>Accompagnement et soutien<\/strong><\/a><\/div>\n\n\n\n<div class=\"wp-block-button is-style-outline\"><a class=\"wp-block-button__link\" href=\"http:\/\/economie.vallee-des-baux-alpilles.fr\/index.php\/je-poursuis-mon-activite\/\"><strong>Bo\u00eete \u00e0 outils<\/strong><\/a><\/div>\n<\/div>\n","protected":false},"excerpt":{"rendered":"<p>PR\u00caT DE TR\u00c9SORERIE GARANTI PAR L\u2019\u00c9TAT B\u00c9N\u00c9FICIAIRES : Toute entreprise OBJET : les entreprises peuvent contracter un pr\u00eat jusqu\u2019au 30 juin 2021, dont l\u2019amortissement pourra \u00eatre \u00e9tal\u00e9 entre 1 et 5 ann\u00e9es suppl\u00e9mentaires, avec un taux n\u00e9goci\u00e9 avec les banques fran\u00e7aises compris entre 1 et 2,5 %, garantie de l\u2019\u00c9tat<a class=\"moretag\" href=\"https:\/\/economie.vallee-des-baux-alpilles.fr\/index.php\/aides-directes-covid-19\/prets-et-avances-remboursables-covid-19\/\"> Lire la suite<\/a><\/p>\n","protected":false},"author":1,"featured_media":0,"parent":163,"menu_order":0,"comment_status":"closed","ping_status":"closed","template":"","meta":[],"_links":{"self":[{"href":"https:\/\/economie.vallee-des-baux-alpilles.fr\/index.php\/wp-json\/wp\/v2\/pages\/28"}],"collection":[{"href":"https:\/\/economie.vallee-des-baux-alpilles.fr\/index.php\/wp-json\/wp\/v2\/pages"}],"about":[{"href":"https:\/\/economie.vallee-des-baux-alpilles.fr\/index.php\/wp-json\/wp\/v2\/types\/page"}],"author":[{"embeddable":true,"href":"https:\/\/economie.vallee-des-baux-alpilles.fr\/index.php\/wp-json\/wp\/v2\/users\/1"}],"replies":[{"embeddable":true,"href":"https:\/\/economie.vallee-des-baux-alpilles.fr\/index.php\/wp-json\/wp\/v2\/comments?post=28"}],"version-history":[{"count":27,"href":"https:\/\/economie.vallee-des-baux-alpilles.fr\/index.php\/wp-json\/wp\/v2\/pages\/28\/revisions"}],"predecessor-version":[{"id":1196,"href":"https:\/\/economie.vallee-des-baux-alpilles.fr\/index.php\/wp-json\/wp\/v2\/pages\/28\/revisions\/1196"}],"up":[{"embeddable":true,"href":"https:\/\/economie.vallee-des-baux-alpilles.fr\/index.php\/wp-json\/wp\/v2\/pages\/163"}],"wp:attachment":[{"href":"https:\/\/economie.vallee-des-baux-alpilles.fr\/index.php\/wp-json\/wp\/v2\/media?parent=28"}],"curies":[{"name":"wp","href":"https:\/\/api.w.org\/{rel}","templated":true}]}}

PRÊTS OU AVANCES REMBOURSABLES

<h4><span style="color: #ff0000;"><strong>PRÊT DE TRÉSORERIE GARANTI PAR L’ÉTAT</strong></span></h4>
<ul>
<li>BÉNÉFICIAIRES : Toute entreprise</li>
<li>OBJET :
<ul>
<li>les entreprises peuvent contracter un prêt jusqu’au 30 juin 2021, dont l’amortissement pourra être étalé entre 1 et 5 années supplémentaires, avec un taux négocié avec les banques françaises compris entre 1 et 2,5 %, garantie de l’État comprise.</li>
<li>toutes les entreprises qui le souhaitent pourront demander un nouveau différé de remboursement d’un an, soit deux années au total de différé.</li>
<li>il a été vu avec la Banque de France pour que les demandes de différés supplémentaires ne soient pas considérées comme un défaut de paiement des entreprises.</li>
</ul>
</li>
<li>ORGANISME : État</li>
<li>CONTACT :
<ul>
<li><a href="https://www.economie.gouv.fr/files/files/PDF/2020/dp-covid-pret-garanti.pdf">https://www.economie.gouv.fr/</a></li>
<li>consultez la <a href="https://www.economie.gouv.fr/files/files/PDF/2020/faq_pret_garanti_plateformesIFP.pdf"><strong>FAQ plateformes PGE</strong>&nbsp;</a></li>
</ul>
</li>
</ul>
<hr>
<h4><span style="color: #ff0000;"><strong>PRÊT DIRECT OU AVANCE REMBOURSABLE DE L’ÉTAT</strong></span></h4>
<ul>
<li>BÉNÉFICIAIRES : Toute entreprise ne trouvant pas de solution de financement</li>
<li>OBJET :
<ul>
<li>un prêt de l&rsquo;État jusqu&rsquo;à 10 000 € pour les entreprises de moins de 10 salariés</li>
<li>un prêt de l’État jusqu&rsquo;à 50 000 € pour les entreprises de 10 à 49 salariés</li>
<li>pour les entreprises de plus de 50 salariés, l&rsquo;État pourra accorder des avances remboursables plafonnées à 3 mois de chiffre d&rsquo;affaires.</li>
<li>ORGANISME : État</li>
</ul>
</li>
<li>CONTACT :</li>
</ul>
<hr>
<h4><strong><span style="color: #ff0000;">FONDS ESS’OR POUR L’ÉCONOMIE SOCIALE ET SOLIDAIRE</span><br></strong></h4>
<ul>
<li>BÉNÉFICIAIRES : Entreprises de l’Économie Sociale et Solidaire</li>
<li>OBJET : Prêts à taux 0, sur 12 à 18 mois et dont le montant peut aller de 10.000€ à 100.000€</li>
<li>ORGANISME : France Active</li>
<li>CONTACT :
<ul>
<li><a href="mailto:accueil@franceactive-paca.org">accueil@franceactive-paca.org</a> ou 0491598570</li>
<li><a href="http://www.esia.org/" target="_blank" rel="noreferrer noopener">http://www.esia.org/</a></li>
</ul>
</li>
</ul>
<hr>
<h4><span style="color: #ff0000;"><strong>PRÊT ATOUT</strong></span></h4>
<ul>
<li>BÉNÉFICIAIRES : TPE, PME et ETI Tous secteurs d’activité, sauf&nbsp; SCI, les entreprises d’intermédiation financière, les entreprises de promotion et de locations immobilières, les entreprises agricoles ayant un CA inférieur à 750.000 €, et les entreprises en difficulté.</li>
<li>OBJET : Prêt conçu pour financer un besoin de trésorerie ponctuel, une augmentation exceptionnelle du BFR, lié à la conjoncture</li>
<li>ORGANISME : État/BPI</li>
<li>CONTACT : <a href="https://www.bpifrance.fr/Toutes-nos-solutions/Prets/Prets-sans-garantie/Pret-Atout"></a>
<ul>
<li><a href="https://www.bpifrance.fr/Toutes-nos-solutions/Prets/Prets-sans-garantie/Pret-Atout">https://www.bpifrance.fr/</a></li>
</ul>
</li>
</ul>
<hr>
<h4><span style="color: #ff0000;"><strong>PRÊT REBOND</strong></span></h4>
<ul>
<li>BÉNÉFICIAIRES : Toutes les entreprises de plus d’un an d’existence, tout secteur d’activité (sauf secteur agricole)</li>
<li>OBJET : La Région abonde le prêt rebond à taux 0 proposé par la BPI de 10.000 € à 300.000 € pour toutes les entreprises de plus d’un an d’existence</li>
<li>ORGANISME : BPI/Région</li>
<li>CONTACT :
<ul>
<li><a rel="noreferrer noopener" href="https://www.bpifrance.fr/Toutes-nos-solutions/Prets/Prets-regionaux/Pret-Rebond" target="_blank">https://www.bpifrance.fr</a></li>
</ul>
</li>
</ul>
<hr>
<h4><span style="color: #ff0000;"><strong>FONDS COVID RESISTANCE</strong></span></h4>
<ul>
<li>BÉNÉFICIAIRES : TTPE (moins de 20 salariés)</li>
<li>OBJET : Prêts d’honneur à taux 0 de 10.000€ maximum</li>
<li>ORGANISME : IPA/Région/CCVBA</li>
<li>CONTACT :
<ul>
<li>Plateforme dédiée : <a rel="noreferrer noopener" href="https://ttpe.initiative-sud.com/" target="_blank">https://ttpe.initiative-sud.com</a></li>
<li>Initiative Pays d’Arles : <a href="mailto:accueil@initiative-paysdarles.com">accueil@initiative-paysdarles.com</a> ou 0484490201</li>
</ul>
</li>
</ul>
<hr>
<h4><span style="color: #ff0000;"><strong>FONDS D’URGENCE D’AVANCE DE TRÉSORERIE POUR L’AGRICULTURE</strong></span></h4>
<ul>
<li>BÉNÉFICIAIRES : Exploitants agricoles dont le siège est en région Provence-Alpes-Côte d’Azur, qui sur la période de mars, avril et mai 2020 ont perdu au moins 50% de leur chiffre d’affaires, comparativement à la même période de 2019</li>
<li>OBJET : Prêt à taux 0, sans garantie personnelle, pour une durée pouvant aller jusqu’à 5 ans. Avec un différé de remboursement de 12 mois maximum</li>
<li>ORGANISME : IPA/Région</li>
<li>CONTACT :
<ul>
<li>Plateforme dédiée : <a href="https://fuata.initiative-sud.com/">https://fuata.initiative-sud.com/</a></li>
<li>Initiative Pays d’Arles : <a href="mailto:accueil@initiative-paysdarles.com">accueil@initiative-paysdarles.com</a> ou 0484490201</li>
</ul>
</li>
</ul>
<hr>
<h4><span><strong><span style="color: #ff0000;">FONDS DE DEVELOPPEMENT ECONOMIQUE ET SOCIAL</span> </strong></span></h4>
<ul>
<li>BÉNÉFICIAIRES : Toute entreprise de plus de 250 salariés</li>
<li>OBJET : dispositif d’intervention doté de 1 milliard d&rsquo;euros qui a vocation à accompagner les restructurations financières et opérationnelles d’entreprises en difficulté aux côtés de financeurs privés</li>
<li>ORGANISME : CODEFI</li>
<li>CONTACT :
<ul>
<li>CODEFI Marseille</li>
<li>Téléphone : 04 91 17 91 17</li>
</ul>
</li>
</ul>
<hr>
<h4><span><strong><span style="color: #ff0000;">PRÊTS BONIFIES ET AVANCES REMBOURSABLES</span> </strong></span></h4>
<ul>
<li>BÉNÉFICIAIRES : Toute entreprise de plus de 50 à 250 salariés</li>
<li>OBJET : Les <a href="https://www.economie.gouv.fr/files/files/PDF/2020/Fiche-Prets-taux-bonifie.pdf">prêts bonifiés</a> et les <a href="https://www.economie.gouv.fr/files/files/PDF/2020/Fiche-Avances-remboursables.pdf">avances remboursables</a> sont un nouveau dispositif discrétionnaire d’intervention. Il a vocation à être utilisé lorsque le recours au PGE est impossible et que les plans d’apurement du passif fiscal et social sont insuffisants pour permettre le retournement. L’éligibilité au dispositif est soumise à certaines conditions.</li>
<li>ORGANISME : CODEFI</li>
<li>CONTACT :
<ul>
<li>CODEFI Marseille</li>
<li>Téléphone : 04 91 17 91 17</li>
</ul>
</li>
</ul>
<hr>
<h4><span><strong><span style="color: #ff0000;">PRÊTS PARTICIPATIFS</span> </strong></span></h4>
<ul>
<li>BÉNÉFICIAIRES : PME et TTPE de moins de 50 salariés ayant des difficultés à obtenir un PGE</li>
<li>OBJET : ce dispositif permet à la fois de reconstituer un volant de trésorerie et améliorer la structure de bilan (prêts « junior », à rembourser en 7 ans).</li>
<li>ORGANISME : CODEFI</li>
<li>CONTACT :
<ul>
<li>CODEFI Marseille</li>
<li>Téléphone : 04 91 17 91 17</li>
</ul>
</li>
</ul>
<hr>
<h4><span><strong><span style="color: #ff0000;">RENFORCEMENT DES FINANCEMENTS PAR AFFACTURAGE</span> <br></strong></span></h4>
<ul>
<li>BÉNÉFICIAIRES : Entreprises qui sont déjà ou entrent en relation avec des sociétés d’affacturage</li>
<li>OBJET : Le dispositif de renforcement des financements par affacturage permet aux entreprises de bénéficier d’un préfinancement nouveau qui pourra être mis en place dès la prise de commande, rendu possible par la garantie de l’État. Elles n’auront pas besoin d’attendre l’émission des factures comme cela se pratique normalement. Cela leur fera gagner en moyenne 45 jours de trésorerie. </li>
<li>ORGANISME : Sociétés d&rsquo;affacturage</li>
<li>CONTACT :</li>
</ul>
<hr>


<div class="is-layout-flex wp-block-buttons">
<div class="wp-block-button is-style-outline"><a class="wp-block-button__link" href="http://economie.vallee-des-baux-alpilles.fr/index.php/accompagner/"><strong>Aides directes</strong></a></div>



<div class="wp-block-button is-style-outline"><a class="wp-block-button__link" href="http://economie.vallee-des-baux-alpilles.fr/index.php/aides-directes-covid-19/aides-planderelance/" target="_blank" rel="noreferrer noopener"><strong>Aides plan de relance</strong></a></div>



<div class="wp-block-button is-style-outline"><a class="wp-block-button__link" href="http://economie.vallee-des-baux-alpilles.fr/index.php/accompagnement-et-soutien/"><strong>Accompagnement et soutien</strong></a></div>



<div class="wp-block-button is-style-outline"><a class="wp-block-button__link" href="http://economie.vallee-des-baux-alpilles.fr/index.php/je-poursuis-mon-activite/"><strong>Boîte à outils</strong></a></div>
</div>

<p>PRÊT DE TRÉSORERIE GARANTI PAR L’ÉTAT BÉNÉFICIAIRES : Toute entreprise OBJET : les entreprises peuvent contracter un prêt jusqu’au 30 juin 2021, dont l’amortissement pourra être étalé entre 1 et 5 années supplémentaires, avec un taux négocié avec les banques françaises compris entre 1 et 2,5 %, garantie de l’État<a class="moretag" href="https://economie.vallee-des-baux-alpilles.fr/index.php/aides-directes-covid-19/prets-et-avances-remboursables-covid-19/"> Lire la suite</a></p>
