{"id":163,"date":"2020-05-26T10:13:57","date_gmt":"2020-05-26T08:13:57","guid":{"rendered":"http:\/\/economie.vallee-des-baux-alpilles.fr\/?page_id=163"},"modified":"2021-10-07T11:43:30","modified_gmt":"2021-10-07T09:43:30","slug":"aides-directes-covid-19","status":"publish","type":"page","link":"https:\/\/economie.vallee-des-baux-alpilles.fr\/index.php\/aides-directes-covid-19\/","title":{"rendered":"GUIDE DES AIDES"},"content":{"rendered":"\n<p>La pand\u00e9mie Covid-19 a fragilis\u00e9 toutes les entreprises fran\u00e7aises. Durant cette crise les acteurs \u00e9conomiques doivent poursuivre ou relancer leur activit\u00e9 et ont besoin d\u2019\u00eatre accompagn\u00e9s. Une multitude d&rsquo;aides ont \u00e9t\u00e9 mises en place depuis mars afin d&rsquo;adapter l&rsquo;organisation du travail, mettre en place des mesures de pr\u00e9vention, trouver une aide financi\u00e8re ou un soutien.<\/p>\n\n\n\n<p>Pour vous aider \u00e0 y voir plus clair, la Communaut\u00e9 de communes a cr\u00e9\u00e9 un Guide des Aides :<\/p>\n\n\n\n<div class=\"is-layout-flex wp-block-buttons\">\n<div class=\"wp-block-button is-style-outline\"><a class=\"wp-block-button__link\" href=\"http:\/\/economie.vallee-des-baux-alpilles.fr\/index.php\/accompagner\/\"><strong>Aides Directes<\/strong><\/a><\/div>\n\n\n\n<div class=\"wp-block-button is-style-outline\"><a class=\"wp-block-button__link\" href=\"http:\/\/economie.vallee-des-baux-alpilles.fr\/index.php\/prets-et-avances-remboursables-covid-19\/\"><strong>Pr\u00eats et avances remboursables<\/strong><\/a><\/div>\n\n\n\n<div class=\"wp-block-button is-style-outline\"><a class=\"wp-block-button__link\" href=\"http:\/\/economie.vallee-des-baux-alpilles.fr\/index.php\/aides-directes-covid-19\/aides-planderelance\/\" target=\"_blank\" rel=\"noreferrer noopener\"><strong>Aides Plan de relance <\/strong><\/a><\/div>\n\n\n\n<div class=\"wp-block-button is-style-outline\"><a class=\"wp-block-button__link\" href=\"http:\/\/economie.vallee-des-baux-alpilles.fr\/index.php\/accompagnement-et-soutien\/\"><strong>Accompagnement et soutien<\/strong><\/a><\/div>\n\n\n\n<div class=\"wp-block-button\"><a class=\"wp-block-button__link\" href=\"http:\/\/economie.vallee-des-baux-alpilles.fr\/wp-content\/uploads\/2021\/03\/GUIDE-DES-AIDES.pdf\" target=\"_blank\" rel=\"noreferrer noopener\">Digitalisation des Entreprises<\/a><\/div>\n<\/div>\n\n\n\n<p><\/p>\n","protected":false},"excerpt":{"rendered":"<p>La pand\u00e9mie Covid-19 a fragilis\u00e9 toutes les entreprises fran\u00e7aises. Durant cette crise les acteurs \u00e9conomiques doivent poursuivre ou relancer leur activit\u00e9 et ont besoin d\u2019\u00eatre accompagn\u00e9s. Une multitude d&rsquo;aides ont \u00e9t\u00e9 mises en place depuis mars afin d&rsquo;adapter l&rsquo;organisation du travail, mettre en place des mesures de pr\u00e9vention, trouver une<a class=\"moretag\" href=\"https:\/\/economie.vallee-des-baux-alpilles.fr\/index.php\/aides-directes-covid-19\/\"> Lire la suite<\/a><\/p>\n","protected":false},"author":1,"featured_media":0,"parent":0,"menu_order":0,"comment_status":"closed","ping_status":"closed","template":"","meta":[],"_links":{"self":[{"href":"https:\/\/economie.vallee-des-baux-alpilles.fr\/index.php\/wp-json\/wp\/v2\/pages\/163"}],"collection":[{"href":"https:\/\/economie.vallee-des-baux-alpilles.fr\/index.php\/wp-json\/wp\/v2\/pages"}],"about":[{"href":"https:\/\/economie.vallee-des-baux-alpilles.fr\/index.php\/wp-json\/wp\/v2\/types\/page"}],"author":[{"embeddable":true,"href":"https:\/\/economie.vallee-des-baux-alpilles.fr\/index.php\/wp-json\/wp\/v2\/users\/1"}],"replies":[{"embeddable":true,"href":"https:\/\/economie.vallee-des-baux-alpilles.fr\/index.php\/wp-json\/wp\/v2\/comments?post=163"}],"version-history":[{"count":77,"href":"https:\/\/economie.vallee-des-baux-alpilles.fr\/index.php\/wp-json\/wp\/v2\/pages\/163\/revisions"}],"predecessor-version":[{"id":1216,"href":"https:\/\/economie.vallee-des-baux-alpilles.fr\/index.php\/wp-json\/wp\/v2\/pages\/163\/revisions\/1216"}],"wp:attachment":[{"href":"https:\/\/economie.vallee-des-baux-alpilles.fr\/index.php\/wp-json\/wp\/v2\/media?parent=163"}],"curies":[{"name":"wp","href":"https:\/\/api.w.org\/{rel}","templated":true}]}}

<p>La pandémie Covid-19 a fragilisé toutes les entreprises françaises. Durant cette crise les acteurs économiques doivent poursuivre ou relancer leur activité et ont besoin d’être accompagnés. Une multitude d&rsquo;aides ont été mises en place depuis mars afin d&rsquo;adapter l&rsquo;organisation du travail, mettre en place des mesures de prévention, trouver une aide financière ou un soutien.</p>



<p>Pour vous aider à y voir plus clair, la Communauté de communes a créé un Guide des Aides :</p>



<div class="is-layout-flex wp-block-buttons">
<div class="wp-block-button is-style-outline"><a class="wp-block-button__link" href="http://economie.vallee-des-baux-alpilles.fr/index.php/accompagner/"><strong>Aides Directes</strong></a></div>



<div class="wp-block-button is-style-outline"><a class="wp-block-button__link" href="http://economie.vallee-des-baux-alpilles.fr/index.php/prets-et-avances-remboursables-covid-19/"><strong>Prêts et avances remboursables</strong></a></div>



<div class="wp-block-button is-style-outline"><a class="wp-block-button__link" href="http://economie.vallee-des-baux-alpilles.fr/index.php/aides-directes-covid-19/aides-planderelance/" target="_blank" rel="noreferrer noopener"><strong>Aides Plan de relance </strong></a></div>



<div class="wp-block-button is-style-outline"><a class="wp-block-button__link" href="http://economie.vallee-des-baux-alpilles.fr/index.php/accompagnement-et-soutien/"><strong>Accompagnement et soutien</strong></a></div>



<div class="wp-block-button"><a class="wp-block-button__link" href="http://economie.vallee-des-baux-alpilles.fr/wp-content/uploads/2021/03/GUIDE-DES-AIDES.pdf" target="_blank" rel="noreferrer noopener">Digitalisation des Entreprises</a></div>
</div>



<p></p>

<p>La pandémie Covid-19 a fragilisé toutes les entreprises françaises. Durant cette crise les acteurs économiques doivent poursuivre ou relancer leur activité et ont besoin d’être accompagnés. Une multitude d&rsquo;aides ont été mises en place depuis mars afin d&rsquo;adapter l&rsquo;organisation du travail, mettre en place des mesures de prévention, trouver une<a class="moretag" href="https://economie.vallee-des-baux-alpilles.fr/index.php/aides-directes-covid-19/"> Lire la suite</a></p>
